by 116.
113
What is the remainder when 482 is divided by 23?
22
What is the remainder when 2238 is divided by 22?
16
What is the remainder when 465 is divided by 36?
33
Calculate the remainder when 1082 is divided by 335.
77
What is the remainder when 36 is divided by 10?
6
Calculate the remainder when 178 is divided by 26.
22
What is the remainder when 74 is divided by 11?
8
Calculate the remainder when 598 is divided by 275.
48
Calculate the remainder when 239 is divided by 82.
75
Calculate the remainder when 1226 is divided by 30.
26
Calculate the remainder when 2282 is divided by 109.
102
What is the remainder when 224 is divided by 12?
8
Calculate the remainder when 1895 is divided by 73.
70
Calculate the remainder when 381 is divided by 35.
31
Calculate the remainder when 340 is divided by 99.
43
Calculate the remainder when 728 is divided by 195.
143
Calculate the remainder when 307 is divided by 53.
42
Calculate the remainder when 21005 is divided by 26.
23
Calculate the remainder when 196 is divided by 27.
7
Calculate the remainder when 115 is divided by 25.
15
Calculate the remainder when 590 is divided by 279.
32
What is the remainder when 547 is divided by 135?
7
What is the remainder when 5464 is divided by 37?
25
Calculate the remainder when 75 is divided by 38.
37
What is the remainder when 3989 is divided by 14?
13
What is the remainder when 272 is divided by 35?
27
What is the remainder when 1252 is divided by 38?
36
What is the remainder when 1617 is divided by 538?
3
What is the remainder when 48 is divided by 38?
10
Calculate the remainder when 20166 is divided by 67.
66
What is the remainder when 5371 is divided by 28?
23
Calculate the remainder when 60 is divided by 11.
5
Calculate the remainder when 1117 is divided by 551.
15
Calculate the remainder when 136 is divided by 20.
16
Calculate the remainder when 326 is divided by 19.
3
Calculate the remainder when 1550 is divided by 97.
95
Calculate the remainder when 97 is divided by 34.
29
Calculate the remainder when 918 is divided by 193.
146
Calculate the remainder when 110 is divided by 36.
2
What is the remainder when 538 is divided by 32?
26
What is the remainder when 96 is divided by 50?
46
What is the remainder when 72 is divided by 60?
12
Calculate the remainder when 605 is divided by 128.
93
What is the remainder when 1149 is divided by 69?
45
Calculate the remainder when 520 is divided by 58.
56
What is the remainder when 197 is divided by 26?
15
What is the remainder when 105 is divided by 56?
49
Calculate the remainder when 17 is divided by 11.
6
Calculate the remainder when 2012 is divided by 13.
10
Calculate the remainder when 338 is divided by 12.
2
Calculate the remainder when 211 is divided by 72.
67
What is the remainder when 139 is divided by 139?
0
Calculate the remainder when 5 is divided by 3.
2
What is the remainder when 278 is divided by 57?
50
What is the remainder when 1411 is divided by 101?
98
What is the remainder when 425 is divided by 270?
155
What is the remainder when 366 is divided by 97?
75
What is the remainder when 227 is divided by 23?
20
Calculate the remainder when 221 is divided by 172.
49
Calculate the remainder when 2651 is divided by 95.
86
Calculate the remainder when 454 is divided by 28.
6
Calculate the remainder when 2570 is divided by 31.
28
Calculate the remainder when 38 is divided by 9.
2
Calculate the remainder when 35 is divided by 11.
2
Calculate the remainder when 928 is divided by 54.
10
What is the remainder when 98 is divided by 71?
27
Calculate the remainder when 3749 is divided by 1248.
5
What is the remainder when 243 is divided by 68?
39
Calculate the remainder when 646 is divided by 36.
34
Calculate the remainder when 187 is divided by 64.
59
What is the remainder when 45 is divided by 23?
22
What is the remainder when 317 is divided by 9?
2
What is the remainder when 440 is divided by 15?
5
Calculate the remainder when 70 is divided by 18.
16
What is the remainder when 266 is divided by 91?
84
What is the remainder when 425 is divided by 6?
5
What is the remainder when 748 is divided by 8?
4
Calculate the remainder when 369 is divided by 41.
0
What is the remainder when 11 is divided by 4?
3
Calculate the remainder when 582 is divided by 186.
24
Calculate the remainder when 330 is divided by 34.
24
Calculate the remainder when 102 is divided by 48.
6
What is the remainder when 6727 is divided by 1679?
11
Calculate the remainder when 1904 is divided by 127.
126
Calculate the remainder when 320 is divided by 153.
14
What is the remainder when 62 is divided by 31?
0
What is the remainder when 420 is divided by 395?
25
Calculate the remainder when 5089 is divided by 268.
265
What is the remainder when 29 is divided by 14?
1
Calculate the remainder when 33 is divided by 13.
7
What is the remainder when 1017 is divided by 85?
82
What is the remainder when 763 is divided by 12?
7
Calculate the remainder when 261 is divided by 90.
81
What is the remainder when 1546 is divided by 129?
127
Calculate the remainder when 1749 is divided by 175.
174
Calculate the remainder when 4651 is divided by 1546.
13
What is the remainder when 20 is divided by 7?
6
Calculate the remainder when 757 is divided by 48.
37
Calculate the remainder when 3790 is divided by 12.
10
Calculate the remainder when 2115 is divided by 142.
127
Calculate the remainder when 112 is divided by 39.
34
What is the remainder when 447 is divided by 11?
7
What is the remainder when 3510 is divided by 864?
54
What is the remainder when 74 is divided by 65?
9
What is the remainder when 129 is divided by 29?
13
What is the remainder when 280 is divided by 95?
90
Calculate the remainder when 1120 is divided by 125.
120
Calculate the remainder when 455 is divided by 168.
119
Calculate the remainder when 2185 is divided by 27.
25
Calculate the remainder when 1603 is divided by 177.
10
Calculate the remainder when 597 is divided by 199.
0
What is the remainder when 272 is divided by 271?
1
Calculate the remainder when 108 is divided by 23.
16
What is the remainder when 7071 is divided by 262?
259
Calculate the remainder when 283 is divided by 57.
55
Calculate the remainder when 87 is divided by 11.
10
What is the remainder when 169 is divided by 7?
1
What is the remainder when 2275 is divided by 82?
61
Calculate the remainder when 555 is divided by 6.
3
Calculate the remainder when 448 is divided by 115.
103
Calculate the remainder when 1966 is divided by 10.
6
Calculate the remainder when 699 is divided by 9.
6
What is the remainder when 171 is divided by 81?
9
Calculate the remainder when 68 is divided by 28.
12
Calculate the remainder when 498 is divided by 28.
22
What is the remainder when 248 is divided by 68?
44
What is the remainder when 125 is divided by 114?
11
Calculate the remainder when 848 is divided by 71.
67
What is the remainder when 151 is divided by 38?
37
What is the remainder when 3497 is divided by 159?
158
What is the remainder when 511 is divided by 43?
38
Calculate the remainder when 1207 is divided by 298.
15
What is the remainder when 117 is divided by 17?
15
Calculate the remainder when 1507 is divided by 54.
49
Calculate the remainder when 97 is divided by 40.
17
What is the remainder when 262 is divided by 67?
61
What is the remainder when 1752 is divided by 15?
12
What is the remainder when 255 is divided by 170?
85
Calculate the remainder when 272 is divided by 80.
32
Calculate the remainder when 378 is divided by 76.
74
Calculate the remainder when 122 is divided by 67.
55
Calculate the remainder when 970 is divided by 36.
34
What is the remainder when 214 is divided by 127?
87
Calculate the remainder when 235 is divided by 37.
13
Calculate the remainder when 2257 is divided by 374.
13
Calculate the remainder when 526 is divided by 79.
52
Calculate the remainder when 193 is divided by 16.
1
What is the remainder when 1279 is divided by 21?
19
Calculate the remainder when 1243 is divided by 50.
43
What is the remainder when 4488 is divided by 155?
148
What is the remainder when 368 is divided by 27?
17
What is the remainder when 124 is divided by 61?
2
What is the remainder when 153 is divided by 28?
13
What is the remainder when 